{"id":46,"date":"2021-02-16T11:44:42","date_gmt":"2021-02-16T11:44:42","guid":{"rendered":"https:\/\/demosites.io\/neve-3\/?page_id=46"},"modified":"2024-11-30T13:44:42","modified_gmt":"2024-11-30T13:44:42","slug":"7b3c2-homepage","status":"publish","type":"page","link":"https:\/\/giorgisonidoyluces.com\/","title":{"rendered":"Giorgi sonido e iluminaci\u00f3n"},"content":{"rendered":"\n<div class=\"wp-block-cover alignfull has-medium-font-size\" style=\"min-height:600px;aspect-ratio:unset;\"><span aria-hidden=\"true\" class=\"wp-block-cover__background has-nv-dark-bg-background-color has-background-dim-10 has-background-dim\"><\/span><img loading=\"lazy\" decoding=\"async\" width=\"1280\" height=\"720\" class=\"wp-block-cover__image-background wp-image-524\" alt=\"\" src=\"https:\/\/giorgisonidoyluces.com\/wp-content\/uploads\/2024\/10\/Fiesta-de-la-cerveza-Santa-clara-del-mar-sonido-e-iluminacion-Giorgi.4.jpg\" style=\"object-position:52% 84%\" data-object-fit=\"cover\" data-object-position=\"52% 84%\" srcset=\"https:\/\/giorgisonidoyluces.com\/wp-content\/uploads\/2024\/10\/Fiesta-de-la-cerveza-Santa-clara-del-mar-sonido-e-iluminacion-Giorgi.4.jpg 1280w, https:\/\/giorgisonidoyluces.com\/wp-content\/uploads\/2024\/10\/Fiesta-de-la-cerveza-Santa-clara-del-mar-sonido-e-iluminacion-Giorgi.4-300x169.jpg 300w, https:\/\/giorgisonidoyluces.com\/wp-content\/uploads\/2024\/10\/Fiesta-de-la-cerveza-Santa-clara-del-mar-sonido-e-iluminacion-Giorgi.4-1024x576.jpg 1024w, https:\/\/giorgisonidoyluces.com\/wp-content\/uploads\/2024\/10\/Fiesta-de-la-cerveza-Santa-clara-del-mar-sonido-e-iluminacion-Giorgi.4-768x432.jpg 768w\" sizes=\"auto, (max-width: 1280px) 100vw, 1280px\" \/><div class=\"wp-block-cover__inner-container is-layout-flow wp-block-cover-is-layout-flow\">\n<div style=\"height:40px\" aria-hidden=\"true\" class=\"wp-block-spacer\"><\/div>\n\n\n\n<div class=\"wp-block-columns are-vertically-aligned-center is-layout-flex wp-container-core-columns-is-layout-9d6595d7 wp-block-columns-is-layout-flex\">\n<div class=\"wp-block-column is-vertically-aligned-center is-layout-flow wp-block-column-is-layout-flow\" style=\"flex-basis:100%\">\n<h1 class=\"wp-block-heading has-text-align-left\" style=\"font-size:56px\">Tecnolog\u00eda para recitales y eventos.<\/h1>\n\n\n\n<p class=\"has-text-align-left\" style=\"font-size:1.125em\"><strong>Sonido, iLuminaci\u00f3n y pantalla led gigante.<\/strong><\/p>\n\n\n\n<div class=\"wp-block-buttons is-layout-flex wp-block-buttons-is-layout-flex\">\n<div class=\"wp-block-button is-style-primary\"><a class=\"wp-block-button__link wp-element-button\" href=\"https:\/\/wa.link\/unjjsw\">CONSULTAR<\/a><\/div>\n<\/div>\n<\/div>\n\n\n\n<div class=\"wp-block-column is-vertically-aligned-center is-layout-flow wp-block-column-is-layout-flow\" style=\"flex-basis:30%\">\n<p><\/p>\n<\/div>\n<\/div>\n\n\n\n<div style=\"height:40px\" aria-hidden=\"true\" class=\"wp-block-spacer\"><\/div>\n<\/div><\/div>\n\n\n\n<div style=\"height:40px\" aria-hidden=\"true\" class=\"wp-block-spacer\"><\/div>\n\n\n\t\n\t\t<div id=\"gs_logo_area_1\" class=\"gs_logo_area gs_logo_area_1 slider1\" style=\"opacity: 0; visibility: hidden;\">\n\t\t\t<div class=\"gs_logo_area--inner\">\n\t\n\t\t\t\t\n<div class=\"gs_logo_container gs_carousel_swiper gs_logo_fix_height_and_center\" data-carousel-config='{\"direction\":\"horizontal\",\"speed\":500,\"isAutoplay\":true,\"autoplayDelay\":2000,\"loop\":true,\"pauseOnHover\":true,\"ticker\":false,\"navs\":true,\"navs_pos\":\"bottom\",\"dots\":false,\"dynamic_dots\":true,\"slideSpace\":10,\"slidesPerGroup\":1,\"desktopLogos\":5,\"tabletLogos\":3,\"mobileLogos\":2,\"reverseDirection\":false}'>\n\n\t\n\t\t\n\t\t\t<div class=\"gs_logo_single--wrapper\">\n\t\t\t\t<div class=\"gs_logo_single\">\n\n\t\t\t\t\t<!-- Logo Img -->\n\t\t\t\t\t<img loading=\"lazy\" decoding=\"async\" width=\"223\" height=\"96\" src=\"https:\/\/giorgisonidoyluces.com\/wp-content\/uploads\/2024\/10\/samsara_-1.png\" class=\"default  gs-logo--img wp-post-image\" alt=\"\" title=\"SAMSARA\" \/>\n\t\t\t\t\t<!-- Logo Title -->\n\t\t\t\t\t\t\t\t\t\t\n\t\t\t\t\t<!-- Logo Category -->\n\t\t\t\t\t\t\t\t\t\t\n\t\t\t\t<\/div>\n\t\t\t<\/div>\n\n\t\t\n\t\t\t<div class=\"gs_logo_single--wrapper\">\n\t\t\t\t<div class=\"gs_logo_single\">\n\n\t\t\t\t\t<!-- Logo Img -->\n\t\t\t\t\t<img loading=\"lazy\" decoding=\"async\" width=\"163\" height=\"139\" src=\"https:\/\/giorgisonidoyluces.com\/wp-content\/uploads\/2024\/10\/nh_hoteles_.png\" class=\"default  gs-logo--img wp-post-image\" alt=\"\" title=\"NH\" \/>\n\t\t\t\t\t<!-- Logo Title -->\n\t\t\t\t\t\t\t\t\t\t\n\t\t\t\t\t<!-- Logo Category -->\n\t\t\t\t\t\t\t\t\t\t\n\t\t\t\t<\/div>\n\t\t\t<\/div>\n\n\t\t\n\t\t\t<div class=\"gs_logo_single--wrapper\">\n\t\t\t\t<div class=\"gs_logo_single\">\n\n\t\t\t\t\t<!-- Logo Img -->\n\t\t\t\t\t<img loading=\"lazy\" decoding=\"async\" width=\"200\" height=\"65\" src=\"https:\/\/giorgisonidoyluces.com\/wp-content\/uploads\/2024\/10\/rumenco_-1.png\" class=\"default  gs-logo--img wp-post-image\" alt=\"\" title=\"RUMENCO\" \/>\n\t\t\t\t\t<!-- Logo Title -->\n\t\t\t\t\t\t\t\t\t\t\n\t\t\t\t\t<!-- Logo Category -->\n\t\t\t\t\t\t\t\t\t\t\n\t\t\t\t<\/div>\n\t\t\t<\/div>\n\n\t\t\n\t\t\t<div class=\"gs_logo_single--wrapper\">\n\t\t\t\t<div class=\"gs_logo_single\">\n\n\t\t\t\t\t<!-- Logo Img -->\n\t\t\t\t\t<img loading=\"lazy\" decoding=\"async\" width=\"300\" height=\"71\" src=\"https:\/\/giorgisonidoyluces.com\/wp-content\/uploads\/2024\/10\/Tecnopolis_-300x71.png\" class=\"default  gs-logo--img wp-post-image\" alt=\"\" title=\"TECNOPOLIS\" srcset=\"https:\/\/giorgisonidoyluces.com\/wp-content\/uploads\/2024\/10\/Tecnopolis_-300x71.png 300w, https:\/\/giorgisonidoyluces.com\/wp-content\/uploads\/2024\/10\/Tecnopolis_.png 492w\" sizes=\"auto, (max-width: 300px) 100vw, 300px\" \/>\n\t\t\t\t\t<!-- Logo Title -->\n\t\t\t\t\t\t\t\t\t\t\n\t\t\t\t\t<!-- Logo Category -->\n\t\t\t\t\t\t\t\t\t\t\n\t\t\t\t<\/div>\n\t\t\t<\/div>\n\n\t\t\n\t\t\t<div class=\"gs_logo_single--wrapper\">\n\t\t\t\t<div class=\"gs_logo_single\">\n\n\t\t\t\t\t<!-- Logo Img -->\n\t\t\t\t\t<img loading=\"lazy\" decoding=\"async\" width=\"300\" height=\"153\" src=\"https:\/\/giorgisonidoyluces.com\/wp-content\/uploads\/2024\/10\/buenos-aires_-300x153.png\" class=\"default  gs-logo--img wp-post-image\" alt=\"\" title=\"BA\" srcset=\"https:\/\/giorgisonidoyluces.com\/wp-content\/uploads\/2024\/10\/buenos-aires_-300x153.png 300w, https:\/\/giorgisonidoyluces.com\/wp-content\/uploads\/2024\/10\/buenos-aires_-1024x522.png 1024w, https:\/\/giorgisonidoyluces.com\/wp-content\/uploads\/2024\/10\/buenos-aires_-768x392.png 768w, https:\/\/giorgisonidoyluces.com\/wp-content\/uploads\/2024\/10\/buenos-aires_.png 1416w\" sizes=\"auto, (max-width: 300px) 100vw, 300px\" \/>\n\t\t\t\t\t<!-- Logo Title -->\n\t\t\t\t\t\t\t\t\t\t\n\t\t\t\t\t<!-- Logo Category -->\n\t\t\t\t\t\t\t\t\t\t\n\t\t\t\t<\/div>\n\t\t\t<\/div>\n\n\t\t\n\t\t\t<div class=\"gs_logo_single--wrapper\">\n\t\t\t\t<div class=\"gs_logo_single\">\n\n\t\t\t\t\t<!-- Logo Img -->\n\t\t\t\t\t<img loading=\"lazy\" decoding=\"async\" width=\"300\" height=\"150\" src=\"https:\/\/giorgisonidoyluces.com\/wp-content\/uploads\/2024\/10\/quba_-1-300x150.png\" class=\"default  gs-logo--img wp-post-image\" alt=\"\" title=\"quba\" srcset=\"https:\/\/giorgisonidoyluces.com\/wp-content\/uploads\/2024\/10\/quba_-1-300x150.png 300w, https:\/\/giorgisonidoyluces.com\/wp-content\/uploads\/2024\/10\/quba_-1.png 320w\" sizes=\"auto, (max-width: 300px) 100vw, 300px\" \/>\n\t\t\t\t\t<!-- Logo Title -->\n\t\t\t\t\t\t\t\t\t\t\n\t\t\t\t\t<!-- Logo Category -->\n\t\t\t\t\t\t\t\t\t\t\n\t\t\t\t<\/div>\n\t\t\t<\/div>\n\n\t\t\n\t\t\t<div class=\"gs_logo_single--wrapper\">\n\t\t\t\t<div class=\"gs_logo_single\">\n\n\t\t\t\t\t<!-- Logo Img -->\n\t\t\t\t\t<img loading=\"lazy\" decoding=\"async\" width=\"221\" height=\"53\" src=\"https:\/\/giorgisonidoyluces.com\/wp-content\/uploads\/2024\/10\/behringer2.png\" class=\"default  gs-logo--img wp-post-image\" alt=\"\" title=\"Beringher\" \/>\n\t\t\t\t\t<!-- Logo Title -->\n\t\t\t\t\t\t\t\t\t\t\n\t\t\t\t\t<!-- Logo Category -->\n\t\t\t\t\t\t\t\t\t\t\n\t\t\t\t<\/div>\n\t\t\t<\/div>\n\n\t\t\n\t\t\t<div class=\"gs_logo_single--wrapper\">\n\t\t\t\t<div class=\"gs_logo_single\">\n\n\t\t\t\t\t<!-- Logo Img -->\n\t\t\t\t\t<img loading=\"lazy\" decoding=\"async\" width=\"300\" height=\"52\" src=\"https:\/\/giorgisonidoyluces.com\/wp-content\/uploads\/2024\/10\/bose_logo_-300x52.png\" class=\"default  gs-logo--img wp-post-image\" alt=\"\" title=\"bose\" srcset=\"https:\/\/giorgisonidoyluces.com\/wp-content\/uploads\/2024\/10\/bose_logo_-300x52.png 300w, https:\/\/giorgisonidoyluces.com\/wp-content\/uploads\/2024\/10\/bose_logo_.png 690w\" sizes=\"auto, (max-width: 300px) 100vw, 300px\" \/>\n\t\t\t\t\t<!-- Logo Title -->\n\t\t\t\t\t\t\t\t\t\t\n\t\t\t\t\t<!-- Logo Category -->\n\t\t\t\t\t\t\t\t\t\t\n\t\t\t\t<\/div>\n\t\t\t<\/div>\n\n\t\t\n\t\t\t<div class=\"gs_logo_single--wrapper\">\n\t\t\t\t<div class=\"gs_logo_single\">\n\n\t\t\t\t\t<!-- Logo Img -->\n\t\t\t\t\t<img loading=\"lazy\" decoding=\"async\" width=\"300\" height=\"225\" src=\"https:\/\/giorgisonidoyluces.com\/wp-content\/uploads\/2024\/10\/JBL_-300x225.png\" class=\"default  gs-logo--img wp-post-image\" alt=\"\" title=\"JBL\" srcset=\"https:\/\/giorgisonidoyluces.com\/wp-content\/uploads\/2024\/10\/JBL_-300x225.png 300w, https:\/\/giorgisonidoyluces.com\/wp-content\/uploads\/2024\/10\/JBL_-768x576.png 768w, https:\/\/giorgisonidoyluces.com\/wp-content\/uploads\/2024\/10\/JBL_.png 1024w\" sizes=\"auto, (max-width: 300px) 100vw, 300px\" \/>\n\t\t\t\t\t<!-- Logo Title -->\n\t\t\t\t\t\t\t\t\t\t\n\t\t\t\t\t<!-- Logo Category -->\n\t\t\t\t\t\t\t\t\t\t\n\t\t\t\t<\/div>\n\t\t\t<\/div>\n\n\t\t\n\t\t\t<div class=\"gs_logo_single--wrapper\">\n\t\t\t\t<div class=\"gs_logo_single\">\n\n\t\t\t\t\t<!-- Logo Img -->\n\t\t\t\t\t<img loading=\"lazy\" decoding=\"async\" width=\"300\" height=\"86\" src=\"https:\/\/giorgisonidoyluces.com\/wp-content\/uploads\/2024\/10\/Technics_logo.svg_-300x86.png\" class=\"default  gs-logo--img wp-post-image\" alt=\"\" title=\"technics\" srcset=\"https:\/\/giorgisonidoyluces.com\/wp-content\/uploads\/2024\/10\/Technics_logo.svg_-300x86.png 300w, https:\/\/giorgisonidoyluces.com\/wp-content\/uploads\/2024\/10\/Technics_logo.svg_-1024x292.png 1024w, https:\/\/giorgisonidoyluces.com\/wp-content\/uploads\/2024\/10\/Technics_logo.svg_-768x219.png 768w, https:\/\/giorgisonidoyluces.com\/wp-content\/uploads\/2024\/10\/Technics_logo.svg_-1536x439.png 1536w, https:\/\/giorgisonidoyluces.com\/wp-content\/uploads\/2024\/10\/Technics_logo.svg_.png 1600w\" sizes=\"auto, (max-width: 300px) 100vw, 300px\" \/>\n\t\t\t\t\t<!-- Logo Title -->\n\t\t\t\t\t\t\t\t\t\t\n\t\t\t\t\t<!-- Logo Category -->\n\t\t\t\t\t\t\t\t\t\t\n\t\t\t\t<\/div>\n\t\t\t<\/div>\n\n\t\t\n\t\t\t<div class=\"gs_logo_single--wrapper\">\n\t\t\t\t<div class=\"gs_logo_single\">\n\n\t\t\t\t\t<!-- Logo Img -->\n\t\t\t\t\t<img loading=\"lazy\" decoding=\"async\" width=\"300\" height=\"71\" src=\"https:\/\/giorgisonidoyluces.com\/wp-content\/uploads\/2024\/10\/Shure_Logo_-300x71.png\" class=\"default  gs-logo--img wp-post-image\" alt=\"\" title=\"shure\" srcset=\"https:\/\/giorgisonidoyluces.com\/wp-content\/uploads\/2024\/10\/Shure_Logo_-300x71.png 300w, https:\/\/giorgisonidoyluces.com\/wp-content\/uploads\/2024\/10\/Shure_Logo_.png 500w\" sizes=\"auto, (max-width: 300px) 100vw, 300px\" \/>\n\t\t\t\t\t<!-- Logo Title -->\n\t\t\t\t\t\t\t\t\t\t\n\t\t\t\t\t<!-- Logo Category -->\n\t\t\t\t\t\t\t\t\t\t\n\t\t\t\t<\/div>\n\t\t\t<\/div>\n\n\t\t\n\t\t\t<div class=\"gs_logo_single--wrapper\">\n\t\t\t\t<div class=\"gs_logo_single\">\n\n\t\t\t\t\t<!-- Logo Img -->\n\t\t\t\t\t<img loading=\"lazy\" decoding=\"async\" width=\"105\" height=\"18\" src=\"https:\/\/giorgisonidoyluces.com\/wp-content\/uploads\/2024\/10\/pioneer_png.png\" class=\"default  gs-logo--img wp-post-image\" alt=\"\" title=\"Pionner\" \/>\n\t\t\t\t\t<!-- Logo Title -->\n\t\t\t\t\t\t\t\t\t\t\n\t\t\t\t\t<!-- Logo Category -->\n\t\t\t\t\t\t\t\t\t\t\n\t\t\t\t<\/div>\n\t\t\t<\/div>\n\n\t\t\n\t\t\t<div class=\"gs_logo_single--wrapper\">\n\t\t\t\t<div class=\"gs_logo_single\">\n\n\t\t\t\t\t<!-- Logo Img -->\n\t\t\t\t\t<img loading=\"lazy\" decoding=\"async\" width=\"105\" height=\"18\" src=\"https:\/\/giorgisonidoyluces.com\/wp-content\/uploads\/2024\/10\/midas2.png\" class=\"default  gs-logo--img wp-post-image\" alt=\"\" title=\"midas\" \/>\n\t\t\t\t\t<!-- Logo Title -->\n\t\t\t\t\t\t\t\t\t\t\n\t\t\t\t\t<!-- Logo Category -->\n\t\t\t\t\t\t\t\t\t\t\n\t\t\t\t<\/div>\n\t\t\t<\/div>\n\n\t\t\t\t\n\t\n<\/div>\t\t\t<\/div>\n\t\t<\/div>\n\t\n\t\t<style>#gs_logo_area_1:not(.verticaltickerdown):not(.verticalticker) .gs_logo_container{margin-left:-5px}#gs_logo_area_1:not(.verticaltickerdown):not(.verticalticker) .gs_logo_container{margin-right:-5px}#gs_logo_area_1:not(.verticaltickerdown):not(.verticalticker) .gs_logo_single--wrapper{padding:5px}#gs_logo_area_1 ul.gs-logo-filter-cats{text-align:center!important}#gs_logo_area_1 .gs_logo_single--wrapper{width:20%}@media (max-width:1023px){#gs_logo_area_1 .gs_logo_single--wrapper{width:33.333333333333%}}@media (max-width:767px){#gs_logo_area_1 .gs_logo_single--wrapper{width:50%}}<\/style>\n\n\n<div class=\"wp-block-columns is-layout-flex wp-container-core-columns-is-layout-9d6595d7 wp-block-columns-is-layout-flex\">\n<div class=\"wp-block-column is-vertically-aligned-center is-layout-flow wp-block-column-is-layout-flow\"><div class=\"wp-block-image\">\n<figure class=\"aligncenter size-full is-resized\"><img loading=\"lazy\" decoding=\"async\" width=\"1080\" height=\"1080\" src=\"https:\/\/giorgisonidoyluces.com\/wp-content\/uploads\/2024\/10\/iluminacion-giorgi.jpg\" alt=\"\" class=\"wp-image-626\" style=\"width:507px;height:auto\" srcset=\"https:\/\/giorgisonidoyluces.com\/wp-content\/uploads\/2024\/10\/iluminacion-giorgi.jpg 1080w, https:\/\/giorgisonidoyluces.com\/wp-content\/uploads\/2024\/10\/iluminacion-giorgi-300x300.jpg 300w, https:\/\/giorgisonidoyluces.com\/wp-content\/uploads\/2024\/10\/iluminacion-giorgi-1024x1024.jpg 1024w, https:\/\/giorgisonidoyluces.com\/wp-content\/uploads\/2024\/10\/iluminacion-giorgi-150x150.jpg 150w, https:\/\/giorgisonidoyluces.com\/wp-content\/uploads\/2024\/10\/iluminacion-giorgi-768x768.jpg 768w\" sizes=\"auto, (max-width: 1080px) 100vw, 1080px\" \/><\/figure>\n<\/div><\/div>\n\n\n\n<div class=\"wp-block-column is-vertically-aligned-center is-layout-flow wp-block-column-is-layout-flow\">\n<h2 class=\"wp-block-heading\"><strong>La m\u00e1xima calidad de&nbsp;<\/strong>sonido y video para tu evento.<\/h2>\n\n\n\n<p>La mejor soluci\u00f3n para la relizaci\u00f3n de eventos, apoyados de la mejor tecnolog\u00eda del mercado estudiada por nuestros t\u00e9cnicos.<\/p>\n\n\n\n<div class=\"wp-block-buttons is-layout-flex wp-block-buttons-is-layout-flex\">\n<div class=\"wp-block-button is-style-primary\"><a class=\"wp-block-button__link wp-element-button\" href=\"https:\/\/wa.link\/unjjsw\">Contactar<\/a><\/div>\n\n\n\n<div class=\"wp-block-button is-style-secondary\"><a class=\"wp-block-button__link wp-element-button\">Leer m\u00e1s<\/a><\/div>\n<\/div>\n<\/div>\n<\/div>\n\n\n\n<div style=\"height:100px\" aria-hidden=\"true\" class=\"wp-block-spacer\"><\/div>\n\n\n\n<div id=\"wp-block-themeisle-blocks-advanced-columns-678cc482\" class=\"wp-block-themeisle-blocks-advanced-columns alignfull has-1-columns has-desktop-equal-layout has-tablet-equal-layout has-mobile-collapsedRows-layout has-reverse-columns-mobile has-vertical-bottom ticss-c00aadba\"><div class=\"wp-block-themeisle-blocks-advanced-columns-overlay\"><\/div><div class=\"innerblocks-wrap\">\n<div id=\"wp-block-themeisle-blocks-advanced-column-4d412c51\" class=\"wp-block-themeisle-blocks-advanced-column\">\n<h2 id=\"wp-block-themeisle-blocks-advanced-heading-fb3c7a39\" class=\"wp-block-themeisle-blocks-advanced-heading wp-block-themeisle-blocks-advanced-heading-fb3c7a39\"><strong>\u00bf<\/strong>Listo para producir tu evento<strong>?<\/strong> <\/h2>\n\n\n\n<div class=\"wp-block-buttons is-content-justification-center is-layout-flex wp-container-core-buttons-is-layout-16018d1d wp-block-buttons-is-layout-flex\">\n<div class=\"wp-block-button is-style-primary\"><a class=\"wp-block-button__link has-background wp-element-button\" href=\"https:\/\/wa.link\/unjjsw\" style=\"background-color:#4cc500\">CONTACTAR<\/a><\/div>\n<\/div>\n<\/div>\n<\/div><\/div>\n\n\n\n<div style=\"height:100px\" aria-hidden=\"true\" class=\"wp-block-spacer\"><\/div>\n\n\n\n<div class=\"wp-block-columns are-vertically-aligned-top is-layout-flex wp-container-core-columns-is-layout-9d6595d7 wp-block-columns-is-layout-flex\">\n<div class=\"wp-block-column is-vertically-aligned-top is-layout-flow wp-block-column-is-layout-flow\">\n<figure class=\"wp-block-image size-full is-resized\"><img loading=\"lazy\" decoding=\"async\" width=\"1080\" height=\"1080\" src=\"https:\/\/focused-edison.198-71-51-44.plesk.page\/wp-content\/uploads\/2024\/10\/sonido-giorgi.jpg\" alt=\"\" class=\"wp-image-625\" style=\"width:388px;height:auto\" srcset=\"https:\/\/giorgisonidoyluces.com\/wp-content\/uploads\/2024\/10\/sonido-giorgi.jpg 1080w, https:\/\/giorgisonidoyluces.com\/wp-content\/uploads\/2024\/10\/sonido-giorgi-300x300.jpg 300w, https:\/\/giorgisonidoyluces.com\/wp-content\/uploads\/2024\/10\/sonido-giorgi-1024x1024.jpg 1024w, https:\/\/giorgisonidoyluces.com\/wp-content\/uploads\/2024\/10\/sonido-giorgi-150x150.jpg 150w, https:\/\/giorgisonidoyluces.com\/wp-content\/uploads\/2024\/10\/sonido-giorgi-768x768.jpg 768w\" sizes=\"auto, (max-width: 1080px) 100vw, 1080px\" \/><\/figure>\n\n\n\n<div style=\"height:16px\" aria-hidden=\"true\" class=\"wp-block-spacer\"><\/div>\n\n\n\n<h3 class=\"wp-block-heading\">Sonido<\/h3>\n\n\n\n<p>Implementaci\u00f3n de sistemas para recitales, eventos especiales y cabinas de djs. Sistemas Line Array. Sistemas Low. Consolas digitales MIDAS.<\/p>\n<\/div>\n\n\n\n<div class=\"wp-block-column is-vertically-aligned-top is-layout-flow wp-block-column-is-layout-flow\">\n<figure class=\"wp-block-image size-full\"><img loading=\"lazy\" decoding=\"async\" width=\"1080\" height=\"1080\" src=\"https:\/\/focused-edison.198-71-51-44.plesk.page\/wp-content\/uploads\/2024\/10\/iluminacion-giorgi.jpg\" alt=\"\" class=\"wp-image-626\" srcset=\"https:\/\/giorgisonidoyluces.com\/wp-content\/uploads\/2024\/10\/iluminacion-giorgi.jpg 1080w, https:\/\/giorgisonidoyluces.com\/wp-content\/uploads\/2024\/10\/iluminacion-giorgi-300x300.jpg 300w, https:\/\/giorgisonidoyluces.com\/wp-content\/uploads\/2024\/10\/iluminacion-giorgi-1024x1024.jpg 1024w, https:\/\/giorgisonidoyluces.com\/wp-content\/uploads\/2024\/10\/iluminacion-giorgi-150x150.jpg 150w, https:\/\/giorgisonidoyluces.com\/wp-content\/uploads\/2024\/10\/iluminacion-giorgi-768x768.jpg 768w\" sizes=\"auto, (max-width: 1080px) 100vw, 1080px\" \/><\/figure>\n\n\n\n<div style=\"height:16px\" aria-hidden=\"true\" class=\"wp-block-spacer\"><\/div>\n\n\n\n<h3 class=\"wp-block-heading\">iLuminaci\u00f3n<\/h3>\n\n\n\n<p>La correcta iluminaci\u00f3n de un evento garantiza que un evento sea inolvidable.<br>Cabezas M\u00f3viles, sistemas audioritmicos, sitemas de paneles led, Laser etc.<\/p>\n<\/div>\n\n\n\n<div class=\"wp-block-column is-vertically-aligned-top is-layout-flow wp-block-column-is-layout-flow\">\n<figure class=\"wp-block-image size-full\"><img loading=\"lazy\" decoding=\"async\" width=\"1080\" height=\"1080\" src=\"https:\/\/focused-edison.198-71-51-44.plesk.page\/wp-content\/uploads\/2024\/10\/pantalla-led.jpg\" alt=\"\" class=\"wp-image-627\" srcset=\"https:\/\/giorgisonidoyluces.com\/wp-content\/uploads\/2024\/10\/pantalla-led.jpg 1080w, https:\/\/giorgisonidoyluces.com\/wp-content\/uploads\/2024\/10\/pantalla-led-300x300.jpg 300w, https:\/\/giorgisonidoyluces.com\/wp-content\/uploads\/2024\/10\/pantalla-led-1024x1024.jpg 1024w, https:\/\/giorgisonidoyluces.com\/wp-content\/uploads\/2024\/10\/pantalla-led-150x150.jpg 150w, https:\/\/giorgisonidoyluces.com\/wp-content\/uploads\/2024\/10\/pantalla-led-768x768.jpg 768w\" sizes=\"auto, (max-width: 1080px) 100vw, 1080px\" \/><\/figure>\n\n\n\n<div style=\"height:16px\" aria-hidden=\"true\" class=\"wp-block-spacer\"><\/div>\n\n\n\n<h3 class=\"wp-block-heading\">Pantalla led<\/h3>\n\n\n\n<p>Toda la calidad de imagen digital en tama\u00f1o gigante. Nuestros paneles led para imagen de video se configura en distintos tama\u00f1os por metro. Disponibles para interior e exterior..<\/p>\n<\/div>\n<\/div>\n\n\n\n<div style=\"height:40px\" aria-hidden=\"true\" class=\"wp-block-spacer\"><\/div>\n\n\n\n<p><\/p>\n\n\n\n<div class=\"wp-block-group alignfull has-contrast-color has-text-color is-vertical is-content-justification-center is-layout-flex wp-container-core-group-is-layout-f1198d31 wp-block-group-is-layout-flex\" style=\"min-height:40vh;margin-top:0;margin-bottom:0;padding-top:var(--wp--preset--spacing--60);padding-right:var(--wp--preset--spacing--50);padding-bottom:var(--wp--preset--spacing--60);padding-left:var(--wp--preset--spacing--50)\"><div style=\"margin-bottom:6px;\" class=\"is-default-size aligncenter wp-block-site-logo\"><a href=\"https:\/\/giorgisonidoyluces.com\/\" class=\"custom-logo-link\" rel=\"home\"><img loading=\"lazy\" decoding=\"async\" width=\"166\" height=\"75\" src=\"https:\/\/giorgisonidoyluces.com\/wp-content\/uploads\/2024\/10\/giorgi_nombre2.png\" class=\"custom-logo\" alt=\"giorgi sonido\" \/><\/a><\/div>\n\n\n<p class=\"has-text-align-center has-medium-font-size\"><\/p>\n\n\n\n<ul class=\"wp-block-social-links has-normal-icon-size is-style-logos-only is-nowrap is-layout-flex wp-container-core-social-links-is-layout-53bee8aa wp-block-social-links-is-layout-flex\"><li class=\"wp-social-link wp-social-link-facebook  wp-block-social-link\"><a href=\"#\" class=\"wp-block-social-link-anchor\"><svg width=\"24\" height=\"24\" viewBox=\"0 0 24 24\" version=\"1.1\" xmlns=\"http:\/\/www.w3.org\/2000\/svg\" aria-hidden=\"true\" focusable=\"false\"><path d=\"M12 2C6.5 2 2 6.5 2 12c0 5 3.7 9.1 8.4 9.9v-7H7.9V12h2.5V9.8c0-2.5 1.5-3.9 3.8-3.9 1.1 0 2.2.2 2.2.2v2.5h-1.3c-1.2 0-1.6.8-1.6 1.6V12h2.8l-.4 2.9h-2.3v7C18.3 21.1 22 17 22 12c0-5.5-4.5-10-10-10z\"><\/path><\/svg><span class=\"wp-block-social-link-label screen-reader-text\">Facebook<\/span><\/a><\/li>\n\n<li class=\"wp-social-link wp-social-link-twitter  wp-block-social-link\"><a href=\"#\" class=\"wp-block-social-link-anchor\"><svg width=\"24\" height=\"24\" viewBox=\"0 0 24 24\" version=\"1.1\" xmlns=\"http:\/\/www.w3.org\/2000\/svg\" aria-hidden=\"true\" focusable=\"false\"><path d=\"M22.23,5.924c-0.736,0.326-1.527,0.547-2.357,0.646c0.847-0.508,1.498-1.312,1.804-2.27 c-0.793,0.47-1.671,0.812-2.606,0.996C18.324,4.498,17.257,4,16.077,4c-2.266,0-4.103,1.837-4.103,4.103 c0,0.322,0.036,0.635,0.106,0.935C8.67,8.867,5.647,7.234,3.623,4.751C3.27,5.357,3.067,6.062,3.067,6.814 c0,1.424,0.724,2.679,1.825,3.415c-0.673-0.021-1.305-0.206-1.859-0.513c0,0.017,0,0.034,0,0.052c0,1.988,1.414,3.647,3.292,4.023 c-0.344,0.094-0.707,0.144-1.081,0.144c-0.264,0-0.521-0.026-0.772-0.074c0.522,1.63,2.038,2.816,3.833,2.85 c-1.404,1.1-3.174,1.756-5.096,1.756c-0.331,0-0.658-0.019-0.979-0.057c1.816,1.164,3.973,1.843,6.29,1.843 c7.547,0,11.675-6.252,11.675-11.675c0-0.178-0.004-0.355-0.012-0.531C20.985,7.47,21.68,6.747,22.23,5.924z\"><\/path><\/svg><span class=\"wp-block-social-link-label screen-reader-text\">Twitter<\/span><\/a><\/li>\n\n<li class=\"wp-social-link wp-social-link-wordpress  wp-block-social-link\"><a href=\"#\" class=\"wp-block-social-link-anchor\"><svg width=\"24\" height=\"24\" viewBox=\"0 0 24 24\" version=\"1.1\" xmlns=\"http:\/\/www.w3.org\/2000\/svg\" aria-hidden=\"true\" focusable=\"false\"><path d=\"M12.158,12.786L9.46,20.625c0.806,0.237,1.657,0.366,2.54,0.366c1.047,0,2.051-0.181,2.986-0.51 c-0.024-0.038-0.046-0.079-0.065-0.124L12.158,12.786z M3.009,12c0,3.559,2.068,6.634,5.067,8.092L3.788,8.341 C3.289,9.459,3.009,10.696,3.009,12z M18.069,11.546c0-1.112-0.399-1.881-0.741-2.48c-0.456-0.741-0.883-1.368-0.883-2.109 c0-0.826,0.627-1.596,1.51-1.596c0.04,0,0.078,0.005,0.116,0.007C16.472,3.904,14.34,3.009,12,3.009 c-3.141,0-5.904,1.612-7.512,4.052c0.211,0.007,0.41,0.011,0.579,0.011c0.94,0,2.396-0.114,2.396-0.114 C7.947,6.93,8.004,7.642,7.52,7.699c0,0-0.487,0.057-1.029,0.085l3.274,9.739l1.968-5.901l-1.401-3.838 C9.848,7.756,9.389,7.699,9.389,7.699C8.904,7.67,8.961,6.93,9.446,6.958c0,0,1.484,0.114,2.368,0.114 c0.94,0,2.397-0.114,2.397-0.114c0.485-0.028,0.542,0.684,0.057,0.741c0,0-0.488,0.057-1.029,0.085l3.249,9.665l0.897-2.996 C17.841,13.284,18.069,12.316,18.069,11.546z M19.889,7.686c0.039,0.286,0.06,0.593,0.06,0.924c0,0.912-0.171,1.938-0.684,3.22 l-2.746,7.94c2.673-1.558,4.47-4.454,4.47-7.771C20.991,10.436,20.591,8.967,19.889,7.686z M12,22C6.486,22,2,17.514,2,12 C2,6.486,6.486,2,12,2c5.514,0,10,4.486,10,10C22,17.514,17.514,22,12,22z\"><\/path><\/svg><span class=\"wp-block-social-link-label screen-reader-text\">WordPress<\/span><\/a><\/li><\/ul>\n<\/div>\n","protected":false},"excerpt":{"rendered":"<p>La m\u00e1xima calidad de&nbsp;sonido y video para tu evento. La mejor soluci\u00f3n para la relizaci\u00f3n de eventos, apoyados de la mejor tecnolog\u00eda del mercado estudiada por nuestros t\u00e9cnicos. Sonido Implementaci\u00f3n de sistemas para recitales, eventos especiales y cabinas de djs. Sistemas Line Array. Sistemas Low. Consolas digitales MIDAS. iLuminaci\u00f3n La correcta iluminaci\u00f3n de un evento&hellip;&nbsp;<a href=\"https:\/\/giorgisonidoyluces.com\/\" rel=\"bookmark\">Leer m\u00e1s &raquo;<span class=\"screen-reader-text\">Giorgi sonido e iluminaci\u00f3n<\/span><\/a><\/p>\n","protected":false},"author":1,"featured_media":0,"parent":0,"menu_order":0,"comment_status":"closed","ping_status":"closed","template":"","meta":{"neve_meta_sidebar":"full-width","neve_meta_container":"contained","neve_meta_enable_content_width":"on","neve_meta_content_width":100,"neve_meta_title_alignment":"","neve_meta_author_avatar":"","neve_post_elements_order":"","neve_meta_disable_header":"","neve_meta_disable_footer":"","neve_meta_disable_title":"on","_themeisle_gutenberg_block_has_review":false,"footnotes":""},"class_list":["post-46","page","type-page","status-publish","hentry"],"_links":{"self":[{"href":"https:\/\/giorgisonidoyluces.com\/index.php?rest_route=\/wp\/v2\/pages\/46","targetHints":{"allow":["GET"]}}],"collection":[{"href":"https:\/\/giorgisonidoyluces.com\/index.php?rest_route=\/wp\/v2\/pages"}],"about":[{"href":"https:\/\/giorgisonidoyluces.com\/index.php?rest_route=\/wp\/v2\/types\/page"}],"author":[{"embeddable":true,"href":"https:\/\/giorgisonidoyluces.com\/index.php?rest_route=\/wp\/v2\/users\/1"}],"replies":[{"embeddable":true,"href":"https:\/\/giorgisonidoyluces.com\/index.php?rest_route=%2Fwp%2Fv2%2Fcomments&post=46"}],"version-history":[{"count":32,"href":"https:\/\/giorgisonidoyluces.com\/index.php?rest_route=\/wp\/v2\/pages\/46\/revisions"}],"predecessor-version":[{"id":683,"href":"https:\/\/giorgisonidoyluces.com\/index.php?rest_route=\/wp\/v2\/pages\/46\/revisions\/683"}],"wp:attachment":[{"href":"https:\/\/giorgisonidoyluces.com\/index.php?rest_route=%2Fwp%2Fv2%2Fmedia&parent=46"}],"curies":[{"name":"wp","href":"https:\/\/api.w.org\/{rel}","templated":true}]}}